 (base 11) in base 6?
2005512
-1424451001 (base 6) to base 12
-5a79a61
What is 210120102012 (base 3) in base 7?
3415562
69c03 (base 14) to base 8
767013
Convert -a971 (base 15) to base 3.
-1211012221
-12002221221 (base 3) to base 16
-188dd
Convert -2221112220221 (base 3) to base 4.
-11332102030
What is 40464030 (base 7) in base 14?
63ca87
What is 9a544 (base 13) in base 3?
112012222102
What is 323123031323 (base 4) in base 16?
edb37b
112b2e (base 15) to base 12
336145
What is -59c38 (base 14) in base 11?
-13a743
-93398 (base 10) to base 9
-152105
What is 424016 (base 8) in base 16?
2280e
Convert 94828 (base 16) to base 9.
1126374
-3113312 (base 6) to base 14
-3c844
-34051641 (base 7) to base 15
-3d5366
Convert 2301141 (base 6) to base 12.
577b1
Convert -a7080 (base 15) to base 11.
-332214
763776 (base 8) to base 10
255998
-7824086 (base 9) to base 3
-21220211002220
-301120330123 (base 4) to base 12
-4404737
41fed (base 16) to base 11
175103
104001040 (base 5) to base 6
13414250
Convert 3332154 (base 6) to base 9.
275017
Convert 687028 (base 9) to base 16.
64907
What is 234001233 (base 5) in base 7?
12110533
Convert 10000110001111010100000 (base 2) to base 3.
22021110221202
1067054 (base 8) to base 11
189163
What is -10100000000111011010 (base 2) in base 11?
-408813
-32111 (base 12) to base 16
-1011d
36c4a4 (base 13) to base 4
11000122203
What is 3c61f (base 16) in base 15?
4d437
-28c796 (base 16) to base 6
-133140502
What is -6a709 (base 13) in base 3?
-100212211202
Convert 5445245 (base 6) to base 14.
70953
What is 20455324 (base 7) in base 8?
6457307
Convert 402322 (base 5) to base 2.
11001000100101
101100000001010010001001 (base 2) to base 12
3a46009
What is 15a29a (base 12) in base 14?
98caa
What is -5506186 (base 9) in base 14?
-56d891
Convert 66585 (base 12) to base 2.
100001000110110101
-6894b (base 13) to base 14
-4d610
What is 31b6b4 (base 12) in base 16?
c0328
What is -14022204 (base 5) in base 9?
-236026
32310222013 (base 4) to base 11
2214428
Convert -54c562 (base 16) to base 3.
-101110020210021
What is -100222031003 (base 4) in base 16?
-42a343
Convert -110033100111 (base 4) to base 7.
-63044352
10001000010001000101100 (base 2) to base 7
52645031
-2a1825 (base 13) to base 5
-231004101
What is -136a5 (base 11) in base 15?
-5b85
What is 5739a37 (base 11) in base 13?
2107bc9
Convert -a1a377 (base 12) to base 5.
-1121324414
-15db7 (base 16) to base 4
-111312313
Convert -11011003 (base 7) to base 16.
-e6743
Convert 297c2 (base 16) to base 11.
106735
What is 8b264 (base 15) in base 14?
b7473
Convert -221213210303 (base 4) to base 8.
-51474463
Convert 376543 (base 8) to base 12.
6356b
Convert 5416460 (base 7) to base 3.
1020112120202
-7333fa (base 16) to base 14
-100761c
What is 444555 (base 8) in base 9?
247521
-2030235 (base 6) to base 13
-35393
Convert 1b3a9b (base 12) to base 6.
14211115
Convert 23a6a2 (base 11) to base 4.
1130310031
What is 11617a1 (base 13) in base 15?
711ed9
What is -862550 (base 9) in base 4?
-1331122002
Convert -3154274 (base 8) to base 4.
-3031202330
What is 75387 (base 10) in base 16?
1267b
Convert -1236346 (base 7) to base 13.
-581bc
What is 62a7 (base 14) in base 15?
5088
605a9 (base 11) to base 14
243c6
Convert 1030013011131 (base 4) to base 15.
1b41a60
Convert 20002201101102 (base 3) to base 11.
1914964
Convert 1011111101000100110 (base 2) to base 4.
1133220212
What is -1c954f (base 16) in base 7?
-21631213
Convert -21402225 (base 6) to base 12.
-269375
Convert -593c9 (base 14) to base 8.
-650705
What is 750d59 (base 14) in base 3?
21110011101020
Convert 250532 (base 6) to base 9.
33442
-510134 (base 6) to base 13
-1540c
Convert 5c1d5 (base 14) to base 7.
1626055
What is -320201034 (base 5) in base 6?
-44334155
-11540354 (base 8) to base 6
-130234044
Convert -111120222 (base 4) to base 12.
-42836
What is -10a10 (base 13) in base 12?
-15620
What is 1010000110101011011100 (base 2) in base 8?
12065334
Convert 30542333 (base 6) to base 9.
1587183
What is -1001100101100011000100 (base 2) in base 8?
-11454304
43222424 (base 5) to base 2
1011001101010000111
What is 1132120021 (base 4) in base 12?
167861
Convert 141563 (base 9) to base 4.
111013110
Convert 71aa1 (base 13) to base 11.
12a255
Convert -504300 (base 9) to base 14.
-7aa68
Convert -596b80 (base 12) to base 6.
-50531440
2055330 (base 6) to base 10
100998
-14520114 (base 6) to base 15
-a081d
-20002110021 (base 3) to base 12
-59467
Convert 41e06 (base 16) to base 9.
451121
What is -167413 (base 13) in base 16?
-8868a
Convert 43886 (base 11) to base 15.
13cb4
What is -2e5e8 (base 15) in base 5?
-14243333
Convert -108372 (base 10) to base 12.
-52870
What is -3220232230 (base 5) in base 16?
-67d743
1101001220210 (base 3) to base 12
2b2319
-1000101110000100111001 (base 2) to base 3
-11022010122021
Convert 175b79a (base 14) to base 12.
3a35678
What is -1152363 (base 8) in base 7?
-2456130
What is 121444064 (base 7) in base 4?
131001113222
-203020120032 (base 4) to base 3
-122022212212100
Convert 831674 (base 13) to base 4.
23222322011
-279675 (base 13) to base 9
-1727470
What is -11c572 (base 15) in base 14?
-182580
Convert 1283722 (base 13) to base 3.
101220221220101
What is -5b2080 (base 14) in base 9?
-5771112
957f (base 16) to base 6
453103
Convert 131469 (base 13) to base 4.
1300102200
Convert 82e84 (base 15) to base 3.
210002022021
Convert 171007 (base 9) to base 16.
19cf0
Convert -606340 (base 12) to base 6.
-52122120
What is -1e4201 (base 16) in base 8?
-7441001
Convert 231123101 (base 4) to base 16.
2d6d1
Convert 331251 (base 6) to base 9.
41684
What is -1357759 (base 11) in base 14?
-44c147
What is 5368b2 (base 16) in base 11?
30a39a5
What is -414106 (base 10) in base 2?
-1100101000110011010
What is -122123331 (base 4) in base 12?
-527b9
-212002121021122 (base 3) to base 11
-6a23a17
What is 102123431 (base 5) in base 14?
b1737
What is 560b2c (base 13) in base 3?
10211010021010
101111011011111100 (base 2) to base 11
122a87
Convert 25200451 (base 7) to base 9.
4237647
Convert -52302 (base 16) to base 5.
-41233032
Convert -5bbcfa (base 16) to base 13.
-13266b5
What is 11010001100111001000100 (base 2) in base 15?
90a1d3
What is 1d4976 (base 14) in base 5?
232100301
Convert -1352c1 (base 13) to base 4.
-1302113220
Convert 4121322 (base 10) to base 6.
224200110
Convert -163bbb (base 13) to base 14.
-104c7d
What is 818067 (base 10) in base 14?
1741b5
-94553 (base 13) to base 6
-5414542
-5720668 (base 10) to base 12
-1aba6a4
Convert 34330036 (base 7) to base 8.
13341134
-383b6c (base 13) to base 11
-842a58
-1222024432 (base 5) to base 13
-7b4a33
What is -1110001001001001011 (base 2) in base 12?
-1a4237
What is 20201210021 (base 3) in base 4?
200112223
What is -98884b (base 12) in base 16?
-24eebb
1314234 (base 5) to base 3
1022221011
Convert -111001010100110100111 (base 2) to base 9.
-3472654
Convert -101021101122222 (base 3) to base 4.
-110310333332
What is 71492 (base 14) in base 2?
1000010100010111000
d95 (base 16) to base 5
102402
Convert 72bac4 (base 13) to base 9.
5037241
Convert -146b39 (base 12) to base 5.
-42000043
-2b095 (base 12) to base 2
-1110110010110001
What is -aa18 (base 13) in base 12?
-11855
Convert 5219a3 (base 11) to base 14.
17b0aa
-26a2 (base 12) to base 14
-1894
Convert 57a1183 (base 11) to base 13.
213a335
12654 (base 11) to base 14
6840
Convert -536332 (base 10) to base 15.
-a8da7
104133244 (base 5) to base 12
1a1466
What is -10100110111000011001100 (base 2) in base 7?
-64323516
-10526414 (base 7) to base 3
-1201110122202
What is -29789 (base 14) in base 16?
-1926d
Convert -43330 (base 16) to base 2.
-1000011001100110000
What is -a2b165 (base 12) in base 3?
-11210111121012
Convert -701365 (base 9) to base 15.
-82b9e
-2267a61 (base 11) to base 6
-220542144
2200011220 (base 3) to base 5
3140440
What is 629b (base 15) in base 13?
9647
-1102e71 (base 15) to base 11
-6955aa1
1aca83 (base 13) to base 9
1253652
Convert c1261 (base 16) to base 3.
1111012020101
What is 1309a89 (base 11) in base 16?
229b60
211222233 (base 4) to base 5
14414122
What is -101110100110000101101 (base 2) in base 15?
-2025d9
Convert -235942 (base 14) to base 3.
-2021021220220
Convert -55163401 (base 7) to base 6.
-245321011
What is ee72a (base 15) in base 12?
3